1 and 2867?
47
What is the greatest common divisor of 611 and 65?
13
What is the greatest common divisor of 57 and 111?
3
What is the greatest common factor of 9 and 14211?
9
What is the greatest common divisor of 27144 and 1218?
174
Calculate the highest common factor of 147 and 168.
21
What is the greatest common factor of 3 and 96?
3
Calculate the highest common factor of 4 and 302.
2
Calculate the greatest common factor of 125 and 295.
5
Calculate the greatest common divisor of 87 and 725.
29
What is the greatest common divisor of 924 and 42?
42
Calculate the greatest common divisor of 60 and 580.
20
What is the highest common factor of 361 and 38?
19
Calculate the greatest common factor of 208 and 64.
16
What is the highest common divisor of 70 and 245?
35
What is the greatest common divisor of 246 and 164?
82
What is the highest common factor of 2046 and 330?
66
What is the highest common divisor of 2691 and 3312?
207
Calculate the greatest common factor of 79 and 395.
79
Calculate the greatest common factor of 22891 and 11.
11
What is the highest common factor of 27 and 1?
1
Calculate the greatest common divisor of 9 and 75.
3
Calculate the highest common divisor of 9 and 1125.
9
What is the highest common factor of 1189 and 41?
41
What is the greatest common divisor of 155 and 403?
31
Calculate the highest common divisor of 198 and 110.
22
Calculate the highest common divisor of 40 and 13700.
20
Calculate the highest common factor of 914 and 2.
2
What is the highest common divisor of 1590 and 6042?
318
What is the greatest common divisor of 47 and 31?
1
Calculate the highest common factor of 1017 and 36.
9
Calculate the greatest common divisor of 13 and 4.
1
What is the greatest common divisor of 10 and 410?
10
Calculate the greatest common factor of 8107 and 134.
67
What is the greatest common divisor of 456 and 96?
24
What is the greatest common factor of 465 and 45?
15
What is the highest common factor of 460 and 23?
23
What is the highest common divisor of 30 and 12?
6
What is the highest common factor of 247 and 57?
19
What is the greatest common divisor of 217 and 31?
31
Calculate the greatest common factor of 12358 and 74.
74
What is the greatest common factor of 806 and 4898?
62
What is the highest common factor of 3820 and 20?
20
Calculate the greatest common divisor of 9417 and 657.
219
Calculate the greatest common factor of 2390 and 20.
10
What is the highest common divisor of 56 and 12404?
28
What is the greatest common divisor of 41111 and 49?
49
Calculate the highest common factor of 5 and 1.
1
What is the greatest common divisor of 5 and 1?
1
Calculate the highest common factor of 9 and 333.
9
What is the greatest common factor of 11 and 704?
11
What is the greatest common divisor of 6636 and 112?
28
Calculate the highest common factor of 338 and 6318.
26
What is the highest common factor of 154 and 7238?
154
What is the greatest common factor of 9 and 279?
9
Calculate the greatest common divisor of 78 and 5031.
39
What is the highest common divisor of 12 and 3228?
12
What is the highest common factor of 126 and 12033?
63
Calculate the highest common factor of 57 and 6.
3
Calculate the greatest common divisor of 162 and 36.
18
What is the greatest common factor of 721 and 7?
7
What is the greatest common factor of 8 and 16?
8
What is the greatest common factor of 2331 and 252?
63
Calculate the greatest common factor of 33 and 48.
3
What is the greatest common factor of 572 and 748?
44
What is the highest common factor of 144 and 18?
18
Calculate the highest common factor of 3192 and 21.
21
Calculate the highest common divisor of 442 and 26.
26
What is the greatest common factor of 208 and 312?
104
Calculate the highest common divisor of 840 and 315.
105
Calculate the greatest common divisor of 108 and 60.
12
Calculate the greatest common divisor of 22 and 19085.
11
What is the greatest common divisor of 373 and 10444?
373
Calculate the greatest common factor of 638 and 4686.
22
What is the greatest common divisor of 1634 and 430?
86
Calculate the greatest common factor of 16 and 64.
16
What is the highest common divisor of 3406 and 494?
26
What is the highest common factor of 49 and 65562?
49
Calculate the highest common divisor of 160 and 200.
40
What is the highest common divisor of 16 and 1448?
8
What is the highest common divisor of 3492 and 48?
12
What is the highest common divisor of 591 and 6?
3
What is the greatest common factor of 10 and 235?
5
Calculate the highest common divisor of 15 and 285.
15
Calculate the highest common factor of 77 and 189.
7
What is the greatest common factor of 4 and 172?
4
What is the highest common divisor of 2214 and 108?
54
Calculate the highest common divisor of 18 and 81.
9
What is the greatest common factor of 768 and 6?
6
Calculate the highest common factor of 23 and 92.
23
Calculate the greatest common divisor of 3038 and 49.
49
Calculate the greatest common divisor of 2223 and 1729.
247
What is the greatest common factor of 36 and 198?
18
Calculate the greatest common divisor of 52309 and 362.
181
What is the greatest common divisor of 51 and 2805?
51
Calculate the highest common factor of 102 and 561.
51
Calculate the highest common divisor of 1375 and 110.
55
What is the highest common divisor of 17616 and 48?
48
What is the greatest common factor of 348 and 3306?
174
Calculate the highest common divisor of 21 and 4767.
21
What is the highest common divisor of 364 and 70?
14
Calculate the highest common divisor of 764 and 8.
4
Calculate the greatest common divisor of 120 and 45.
15
What is the greatest common divisor of 106 and 3339?
53
What is the highest common factor of 46 and 6?
2
What is the greatest common divisor of 14 and 147?
7
Calculate the highest common divisor of 245 and 7448.
49
Calculate the greatest common factor of 28 and 602.
14
Calculate the greatest common factor of 10 and 755.
5
What is the highest common factor of 42 and 266?
14
What is the greatest common factor of 136 and 1292?
68
Calculate the greatest common factor of 4 and 74.
2
What is the greatest common divisor of 9214 and 102?
34
What is the highest common factor of 68 and 51?
17
What is the highest common divisor of 1030 and 320?
10
What is the greatest common divisor of 2718 and 72?
18
Calculate the highest common factor of 98 and 980.
98
Calculate the greatest common factor of 124 and 1612.
124
What is the greatest common factor of 75 and 15?
15
Calculate the highest common factor of 376 and 846.
94
Calculate the greatest common factor of 8 and 4024.
8
Calculate the greatest common factor of 689 and 159.
53
Calculate the greatest common divisor of 1264 and 48.
16
What is the highest common factor of 606 and 2626?
202
Calculate the greatest common factor of 187 and 17.
17
What is the highest common factor of 1 and 101?
1
What is the highest common divisor of 13 and 16?
1
What is the greatest common factor of 506 and 22?
22
Calculate the greatest common factor of 64 and 1400.
8
What is the greatest common factor of 4532 and 88?
44
What is the greatest common divisor of 1001 and 671?
11
What is the greatest common factor of 1 and 3?
1
Calculate the highest common divisor of 8 and 1472.
8
Calculate the highest common divisor of 6492 and 168.
12
Calculate the greatest common divisor of 380 and 400.
20
What is the greatest common divisor of 17 and 221?
17
Calculate the highest common divisor of 388 and 97.
97
Calculate the greatest common divisor of 30 and 1020.
30
Calculate the highest common divisor of 112 and 406.
14
What is the greatest common divisor of 6 and 54?
6
Calculate the greatest common factor of 2151 and 8126.
239
What is the greatest common divisor of 465 and 60?
15
Calculate the highest common factor of 6 and 768.
6
What is the highest common factor of 18 and 45?
9
What is the highest common divisor of 15251 and 151?
151
What is the highest common factor of 6090 and 3770?
290
What is the greatest common divisor of 1414 and 70?
14
Calculate the greatest common divisor of 410 and 670.
10
What is the greatest common factor of 16 and 68?
4
Calculate the highest common divisor of 39 and 403.
13
Calculate the highest common divisor of 290 and 27985.
145
What is the greatest common